{"id":133,"date":"2024-03-12T10:32:19","date_gmt":"2024-03-12T09:32:19","guid":{"rendered":"http:\/\/velo.cwb.ovh\/?page_id=133"},"modified":"2026-04-09T22:26:42","modified_gmt":"2026-04-09T20:26:42","slug":"inscription","status":"publish","type":"page","link":"https:\/\/veloclubrochefort.be\/index.php\/inscription\/","title":{"rendered":"Inscription"},"content":{"rendered":"<p>[et_pb_section fb_built=\u00a0\u00bb1&Prime; admin_label=\u00a0\u00bbHeader\u00a0\u00bb _builder_version=\u00a0\u00bb4.24.2&Prime; _module_preset=\u00a0\u00bbdefault\u00a0\u00bb background_image=\u00a0\u00bbhttp:\/\/velo.cwb.ovh\/wp-content\/uploads\/2024\/03\/fond-banner.png\u00a0\u00bb background_position=\u00a0\u00bbtop_center\u00a0\u00bb custom_padding=\u00a0\u00bb1.5px||1.5px||false|false\u00a0\u00bb locked=\u00a0\u00bboff\u00a0\u00bb collapsed=\u00a0\u00bbon\u00a0\u00bb global_colors_info=\u00a0\u00bb{}\u00a0\u00bb][et_pb_row _builder_version=\u00a0\u00bb4.24.2&Prime; _module_preset=\u00a0\u00bbdefault\u00a0\u00bb global_colors_info=\u00a0\u00bb{}\u00a0\u00bb][et_pb_column type=\u00a0\u00bb4_4&Prime; _builder_version=\u00a0\u00bb4.24.2&Prime; _module_preset=\u00a0\u00bbdefault\u00a0\u00bb global_colors_info=\u00a0\u00bb{}\u00a0\u00bb][et_pb_divider show_divider=\u00a0\u00bboff\u00a0\u00bb _builder_version=\u00a0\u00bb4.24.2&Prime; _module_preset=\u00a0\u00bbdefault\u00a0\u00bb global_colors_info=\u00a0\u00bb{}\u00a0\u00bb][\/et_pb_divider][\/et_pb_column][\/et_pb_row][\/et_pb_section][et_pb_section fb_built=\u00a0\u00bb1&Prime; admin_label=\u00a0\u00bbMission\u00a0\u00bb _builder_version=\u00a0\u00bb4.24.2&Prime; _module_preset=\u00a0\u00bbdefault\u00a0\u00bb min_height=\u00a0\u00bb100px\u00a0\u00bb custom_margin=\u00a0\u00bb-0.1%||||false|false\u00a0\u00bb custom_padding=\u00a0\u00bb0px||28px||false|false\u00a0\u00bb locked=\u00a0\u00bboff\u00a0\u00bb collapsed=\u00a0\u00bbon\u00a0\u00bb global_colors_info=\u00a0\u00bb{}\u00a0\u00bb][et_pb_row admin_label=\u00a0\u00bbLigne\u00a0\u00bb _builder_version=\u00a0\u00bb4.24.2&Prime; _module_preset=\u00a0\u00bbdefault\u00a0\u00bb custom_margin=\u00a0\u00bb0%||0%||false|false\u00a0\u00bb custom_padding=\u00a0\u00bb1.4%||0.4%||false|false\u00a0\u00bb locked=\u00a0\u00bboff\u00a0\u00bb global_colors_info=\u00a0\u00bb{}\u00a0\u00bb][et_pb_column type=\u00a0\u00bb4_4&Prime; _builder_version=\u00a0\u00bb4.24.2&Prime; _module_preset=\u00a0\u00bbdefault\u00a0\u00bb global_colors_info=\u00a0\u00bb{}\u00a0\u00bb][et_pb_text _builder_version=\u00a0\u00bb4.24.2&Prime; _module_preset=\u00a0\u00bb7a9cd4c2-c14d-4269-9615-969e8a68493a\u00a0\u00bb text_font=\u00a0\u00bb|||on|||||\u00a0\u00bb text_text_color=\u00a0\u00bbgcid-d5e9010f-34b8-49e9-afee-48227f944f94&Prime; text_font_size=\u00a0\u00bb22px\u00a0\u00bb text_letter_spacing=\u00a0\u00bb1px\u00a0\u00bb text_line_height=\u00a0\u00bb1.8em\u00a0\u00bb header_line_height=\u00a0\u00bb1.5em\u00a0\u00bb custom_margin=\u00a0\u00bb||20px||false|false\u00a0\u00bb custom_padding=\u00a0\u00bb||0px|||\u00a0\u00bb text_font_size_tablet=\u00a0\u00bb17px\u00a0\u00bb text_font_size_phone=\u00a0\u00bb13px\u00a0\u00bb text_font_size_last_edited=\u00a0\u00bbon|tablet\u00a0\u00bb header_font_size_tablet=\u00a0\u00bb\u00a0\u00bb header_font_size_phone=\u00a0\u00bb31px\u00a0\u00bb header_font_size_last_edited=\u00a0\u00bbon|phone\u00a0\u00bb locked=\u00a0\u00bboff\u00a0\u00bb global_colors_info=\u00a0\u00bb{%22gcid-d5e9010f-34b8-49e9-afee-48227f944f94%22:%91%22text_text_color%22%93}\u00a0\u00bb]<\/p>\n<h1>25 avril 2026 : La Magnifique &#8211; \u00e9dition 23<\/h1>\n<h1>25 april 2026 : La Magnifique &#8211; editie 23<\/h1>\n<p>[\/et_pb_text][\/et_pb_column][\/et_pb_row][et_pb_row _builder_version=\u00a0\u00bb4.24.2&Prime; _module_preset=\u00a0\u00bbdefault\u00a0\u00bb custom_padding=\u00a0\u00bb0px|||||\u00a0\u00bb global_colors_info=\u00a0\u00bb{}\u00a0\u00bb][et_pb_column type=\u00a0\u00bb4_4&Prime; _builder_version=\u00a0\u00bb4.24.2&Prime; _module_preset=\u00a0\u00bbdefault\u00a0\u00bb global_colors_info=\u00a0\u00bb{}\u00a0\u00bb][et_pb_text _builder_version=\u00a0\u00bb4.24.2&Prime; _module_preset=\u00a0\u00bbdefault\u00a0\u00bb global_colors_info=\u00a0\u00bb{}\u00a0\u00bb]<img loading=\"lazy\" decoding=\"async\" src=\"http:\/\/velo.cwb.ovh\/wp-content\/uploads\/2024\/03\/Logo-VCR-White20Webs.jpg\" alt=\"\" width=\"224\" height=\"81\" \/>\u00a0 \u00a0 \u00a0 \u00a0 \u00a0<img loading=\"lazy\" decoding=\"async\" src=\"http:\/\/velo.cwb.ovh\/wp-content\/uploads\/2024\/03\/1.20Ville20de20Rochefort-Logo20PMS20res.jpg\" alt=\"\" width=\"212\" height=\"70\" \/>\u00a0 \u00a0 \u00a0 \u00a0 \u00a0\u00a0<img loading=\"lazy\" decoding=\"async\" src=\"http:\/\/velo.cwb.ovh\/wp-content\/uploads\/2024\/03\/JPGlogoColorLarge.jpg\" alt=\"\" width=\"184\" height=\"111\" \/>\u00a0 \u00a0 \u00a0 \u00a0 \u00a0\u00a0<img loading=\"lazy\" decoding=\"async\" src=\"http:\/\/velo.cwb.ovh\/wp-content\/uploads\/2024\/03\/LogoBlanc20GSkin20res.jpg\" alt=\"\" width=\"180\" height=\"125\" \/>\u00a0 \u00a0<img loading=\"lazy\" decoding=\"async\" src=\"http:\/\/velo.cwb.ovh\/wp-content\/uploads\/2026\/04\/TES-Famenne.jpg\" alt=\"\" width=\"154\" height=\"154\" \/>[\/et_pb_text][\/et_pb_column][\/et_pb_row][et_pb_row custom_padding_last_edited=\u00a0\u00bbon|tablet\u00a0\u00bb _builder_version=\u00a0\u00bb4.24.2&Prime; _module_preset=\u00a0\u00bbdefault\u00a0\u00bb background_color=\u00a0\u00bbgcid-1a99ec8a-6212-4403-98b3-a3da5117e3eb\u00a0\u00bb min_height=\u00a0\u00bb100px\u00a0\u00bb custom_margin=\u00a0\u00bb0.1%|auto||auto|false|false\u00a0\u00bb custom_margin_tablet=\u00a0\u00bb70px||||false|false\u00a0\u00bb custom_margin_phone=\u00a0\u00bb50px||||false|false\u00a0\u00bb custom_margin_last_edited=\u00a0\u00bboff|desktop\u00a0\u00bb custom_padding=\u00a0\u00bb30px|30px|30px|30px|true|true\u00a0\u00bb custom_padding_tablet=\u00a0\u00bb30px|30px|30px|30px|true|true\u00a0\u00bb custom_padding_phone=\u00a0\u00bb29px|20px|29px|20px|true|true\u00a0\u00bb locked=\u00a0\u00bboff\u00a0\u00bb global_colors_info=\u00a0\u00bb{%22gcid-1a99ec8a-6212-4403-98b3-a3da5117e3eb%22:%91%22background_color%22%93}\u00a0\u00bb][et_pb_column type=\u00a0\u00bb4_4&Prime; _builder_version=\u00a0\u00bb4.22.0&Prime; _module_preset=\u00a0\u00bbdefault\u00a0\u00bb global_colors_info=\u00a0\u00bb{}\u00a0\u00bb][et_pb_text _builder_version=\u00a0\u00bb4.24.2&Prime; _module_preset=\u00a0\u00bb6836b1b7-a879-4467-b47e-c610ae759712&Prime; custom_margin=\u00a0\u00bb||-7px|||\u00a0\u00bb global_colors_info=\u00a0\u00bb{}\u00a0\u00bb]<\/p>\n<div id=\"content\">\n<div class=\"post\">\n<p style=\"text-align: justify;\"><em><span style=\"text-decoration: underline;\">185 km &#8211; 3300 m \u00a0\u00a0 155 km &#8211; 2700 m \u00a0\u00a0 125 km &#8211; 2100 m \u00a0\u00a0 95 km &#8211; 1600 m \u00a0\u00a0 51 km &#8211; 600 m<\/span><\/em><\/p>\n<p style=\"text-align: justify;\"><em><span style=\"text-decoration: underline;\"><\/span><\/em><\/p>\n<p style=\"text-align: justify;\"><em><span style=\"text-decoration: underline;\"><\/span><\/em><\/p>\n<\/div>\n<\/div>\n<p>[\/et_pb_text][et_pb_button button_url=\u00a0\u00bbhttps:\/\/velo-liberte-palmares.be\/inscription\/1003776\/\u00a0\u00bb button_text=\u00a0\u00bbInscription en ligne \/ Online inschrijving ( Cliquez \/ Klik ) \u00a0\u00bb button_alignment=\u00a0\u00bbcenter\u00a0\u00bb _builder_version=\u00a0\u00bb4.24.2&Prime; _module_preset=\u00a0\u00bb74f1f872-27bf-493c-82fe-b7a85072cb67&Prime; button_text_size=\u00a0\u00bb16px\u00a0\u00bb button_text_color=\u00a0\u00bb#FFFFFF\u00a0\u00bb button_border_color=\u00a0\u00bbRGBA(255,255,255,0)\u00a0\u00bb button_font=\u00a0\u00bbAbel|700|||||||\u00a0\u00bb animation_style=\u00a0\u00bbzoom\u00a0\u00bb animation_duration=\u00a0\u00bb1650ms\u00a0\u00bb locked=\u00a0\u00bboff\u00a0\u00bb global_colors_info=\u00a0\u00bb{}\u00a0\u00bb][\/et_pb_button][\/et_pb_column][\/et_pb_row][et_pb_row custom_padding_last_edited=\u00a0\u00bbon|tablet\u00a0\u00bb _builder_version=\u00a0\u00bb4.24.2&Prime; _module_preset=\u00a0\u00bbdefault\u00a0\u00bb background_color=\u00a0\u00bbgcid-1a99ec8a-6212-4403-98b3-a3da5117e3eb\u00a0\u00bb min_height=\u00a0\u00bb100px\u00a0\u00bb custom_margin=\u00a0\u00bb0.1%|auto||auto|false|false\u00a0\u00bb custom_margin_tablet=\u00a0\u00bb70px||||false|false\u00a0\u00bb custom_margin_phone=\u00a0\u00bb50px||||false|false\u00a0\u00bb custom_margin_last_edited=\u00a0\u00bboff|desktop\u00a0\u00bb custom_padding=\u00a0\u00bb30px|30px|30px|30px|true|true\u00a0\u00bb custom_padding_tablet=\u00a0\u00bb30px|30px|30px|30px|true|true\u00a0\u00bb custom_padding_phone=\u00a0\u00bb29px|20px|29px|20px|true|true\u00a0\u00bb locked=\u00a0\u00bboff\u00a0\u00bb global_colors_info=\u00a0\u00bb{%22gcid-1a99ec8a-6212-4403-98b3-a3da5117e3eb%22:%91%22background_color%22%93}\u00a0\u00bb][et_pb_column type=\u00a0\u00bb4_4&Prime; _builder_version=\u00a0\u00bb4.22.0&Prime; _module_preset=\u00a0\u00bbdefault\u00a0\u00bb global_colors_info=\u00a0\u00bb{}\u00a0\u00bb][et_pb_text _builder_version=\u00a0\u00bb4.24.2&Prime; _module_preset=\u00a0\u00bb6836b1b7-a879-4467-b47e-c610ae759712&Prime; custom_margin=\u00a0\u00bb||-7px|||\u00a0\u00bb hover_enabled=\u00a0\u00bb0&Prime; global_colors_info=\u00a0\u00bb{}\u00a0\u00bb sticky_enabled=\u00a0\u00bb0&Prime;]<\/p>\n<div id=\"content\">\n<div class=\"post\">\n<h3 style=\"text-align: center;\" align=\"center\">PRIX ET HORAIRES DES DEPARTS &#8211;<em>\u00a0TARIEVEN EN STARTTIJDEN :<\/em><\/h3>\n<div><\/div>\n<p style=\"text-align: justify;\">Tous-tes les cyclistes sont les bienvenu-e-s, affili\u00e9-e-s ou non \u00e0 une f\u00e9d\u00e9ration cycliste ou de cyclotourisme pour 2026. <em>Alle fietsers zijn welkom, al dan niet aangesloten bij een fiets- of wielersport federatie voor 2026.<\/em><\/p>\n<table width=\"941\" border=\"1\" cellspacing=\"10\" cellpadding=\"0\" height=\"916\" style=\"width: 105.264%;\">\n<tbody>\n<tr>\n<td valign=\"top\" width=\"19%\">\n<p align=\"center\"><strong>DISTANCES &amp; DENIVELES<\/strong><\/p>\n<p align=\"center\"><strong>AFSTANDEN \u00a0&amp; HOOGTEMETERS<\/strong><\/p>\n<\/td>\n<td valign=\"top\" width=\"18%\">\n<p align=\"center\"><strong># Ravitaillements<\/strong><\/p>\n<p align=\"center\">\u00a0<strong># Bevoorradingen<\/strong><\/p>\n<\/td>\n<td valign=\"top\" width=\"21%\">\n<p align=\"center\"><strong>PRIX D\u2019INSCRIPTION<\/strong><\/p>\n<p align=\"center\">\u00a0<strong>INSCHRIJVINGSGELD<\/strong><\/p>\n<\/td>\n<td valign=\"top\" width=\"13%\">\n<p align=\"center\"><strong>R\u00e9duction<\/strong><\/p>\n<p align=\"center\"><strong>Reductie<\/strong><\/p>\n<p align=\"center\"><strong>(*)<\/strong><\/p>\n<\/td>\n<td valign=\"top\" width=\"20%\">\n<p align=\"center\"><strong>HORAIRES DES DEPARTS<\/strong><\/p>\n<p align=\"center\"><strong>STARTTIJDEN<\/strong><\/p>\n<p align=\"center\"><strong>(**)<\/strong><strong>\u00a0<\/strong><\/p>\n<\/td>\n<\/tr>\n<tr>\n<td valign=\"top\" width=\"19%\">\n<p align=\"center\">\u00a0 Cat. 51 Km,\u00a0\u00a0\u00a0 600 m<\/p>\n<table cellspacing=\"0\" cellpadding=\"0\">\n<tbody>\n<tr>\n<td bgcolor=\"#bfbfbf\" width=\"237\" height=\"17\"><\/td>\n<\/tr>\n<\/tbody>\n<\/table>\n<\/td>\n<td valign=\"top\" width=\"18%\">\n<p align=\"center\">1<\/p>\n<\/td>\n<td valign=\"top\" width=\"21%\">\n<p align=\"center\">\u00a0 \u00a05,50\u00a0\u20ac<\/p>\n<\/td>\n<td valign=\"top\" width=\"13%\">\n<p align=\"center\">&#8211;\u00a01,50\u00a0\u20ac<\/p>\n<\/td>\n<td valign=\"top\" width=\"20%\">\n<p align=\"center\">07:00 &#8211; 11:00<\/p>\n<\/td>\n<\/tr>\n<tr>\n<td valign=\"top\" width=\"19%\">\n<p align=\"center\">\u00a0 Cat. 95 Km,\u00a01.600 m<\/p>\n<table cellspacing=\"0\" cellpadding=\"0\">\n<tbody>\n<tr>\n<td bgcolor=\"#00b050\" width=\"237\" height=\"17\"><\/td>\n<\/tr>\n<\/tbody>\n<\/table>\n<\/td>\n<td valign=\"top\" width=\"18%\">\n<p align=\"center\">1<\/p>\n<p align=\"center\">+ 1 Drink<\/p>\n<\/td>\n<td valign=\"top\" width=\"21%\">\n<p align=\"center\">\u00a0 \u00a06,50\u00a0\u20ac<\/p>\n<\/td>\n<td valign=\"top\" width=\"13%\">\n<p align=\"center\">&#8211; 1,50\u00a0\u20ac<\/p>\n<\/td>\n<td valign=\"top\" width=\"20%\">\n<p align=\"center\">07:00 &#8211; 10:00<\/p>\n<\/td>\n<\/tr>\n<tr>\n<td valign=\"top\" width=\"19%\">\n<p align=\"center\">Cat. 125 Km, 2.100 m<\/p>\n<table cellspacing=\"0\" cellpadding=\"0\">\n<tbody>\n<tr>\n<td bgcolor=\"#0070c0\" width=\"237\" height=\"17\"><\/td>\n<\/tr>\n<\/tbody>\n<\/table>\n<\/td>\n<td valign=\"top\" width=\"18%\">\n<p align=\"center\">2<\/p>\n<\/td>\n<td valign=\"top\" width=\"21%\">\n<p align=\"center\">\u00a0 \u00a0 7,00\u00a0\u20ac<\/p>\n<\/td>\n<td valign=\"top\" width=\"13%\">\n<p align=\"center\">&#8211; 1,50\u00a0\u20ac<\/p>\n<\/td>\n<td valign=\"top\" width=\"20%\">\n<p align=\"center\">07:00 &#8211; 10:00<\/p>\n<\/td>\n<\/tr>\n<tr>\n<td valign=\"top\" width=\"19%\">\n<p align=\"center\">Cat. 155 Km, 2.700 m<\/p>\n<table cellspacing=\"0\" cellpadding=\"0\">\n<tbody>\n<tr>\n<td bgcolor=\"red\" width=\"237\" height=\"17\"><\/td>\n<\/tr>\n<\/tbody>\n<\/table>\n<\/td>\n<td valign=\"top\" width=\"18%\">\n<p align=\"center\">3<\/p>\n<\/td>\n<td valign=\"top\" width=\"21%\">\n<p align=\"center\">\u00a0 \u00a08,50\u00a0\u20ac<\/p>\n<\/td>\n<td valign=\"top\" width=\"13%\">\n<p align=\"center\">&#8211; 1,50\u00a0\u20ac<\/p>\n<\/td>\n<td valign=\"top\" width=\"20%\">\n<p align=\"center\">07:00 &#8211; 10:00<\/p>\n<\/td>\n<\/tr>\n<tr>\n<td valign=\"top\" width=\"19%\">\n<p align=\"center\">Cat. 185 Km, 3.300 m<\/p>\n<table cellspacing=\"0\" cellpadding=\"0\">\n<tbody>\n<tr>\n<td bgcolor=\"#f434bd\" width=\"237\" height=\"17\"><\/td>\n<\/tr>\n<\/tbody>\n<\/table>\n<\/td>\n<td valign=\"top\" width=\"18%\">\n<p align=\"center\">3<\/p>\n<\/td>\n<td valign=\"top\" width=\"21%\">\n<p align=\"center\">\u00a0 \u00a08,50\u00a0\u20ac<\/p>\n<\/td>\n<td valign=\"top\" width=\"13%\">\n<p align=\"center\">&#8211; 1,50\u00a0\u20ac<\/p>\n<\/td>\n<td valign=\"top\" width=\"20%\">\n<p align=\"center\">07:00 &#8211; 09:00<\/p>\n<\/td>\n<\/tr>\n<\/tbody>\n<\/table>\n<p><strong>\u00a0<\/strong><strong>(*)<\/strong> : R\u00e9duction du prix d\u2019inscription pour les membres de la f\u00e9d\u00e9ration FFBC affili\u00e9-e-s pour 2026 et en ordre d&rsquo;assurance (le num\u00e9ro de licence 2026 est obligatoire). <em>Gereduceerd inschrijvingsgeld voor leden van federatie FFBC, aangesloten voor 2026 en in volgorde van verzekeringen (het licentienummer van 2026 is verplicht).<\/em><\/p>\n<p style=\"text-align: justify;\"><strong>(**)<\/strong>\u00a0:\u00a0Les stands sur place ouvrent le samedi \u00e0 07h00 (voir horaires des d\u00e9parts).\u00a0<em>De stands ter plaatse zijn open op zaterdag om 07u00 (zie starttijden)<\/em><em>.<\/em><\/p>\n<p><span style=\"text-decoration: underline;\"><strong><em><a href=\"http:\/\/www.veloclubrochefort.be\/index.php?page=La-Magnifique\" target=\"_blank\" rel=\"noopener\"><img loading=\"lazy\" decoding=\"async\" src=\"http:\/\/velo.cwb.ovh\/wp-content\/uploads\/2024\/03\/20200509_103623b.jpg\" alt=\"\" width=\"448\" height=\"248\" \/><img loading=\"lazy\" decoding=\"async\" src=\"http:\/\/velo.cwb.ovh\/wp-content\/uploads\/2024\/03\/20190515_174704.jpg\" alt=\"\" width=\"448\" height=\"252\" \/><\/a><\/em><\/strong><\/span><\/p>\n<p style=\"text-align: justify;\">\n<h3 style=\"text-align: center;\"><a href=\"https:\/\/velo-liberte-palmares.be\/inscription\/1003776\/\" target=\"_blank\" rel=\"noopener\">INSCRIPTION EN LIGNE\u00a0&#8211;\u00a0<em>ONLINE INSCHRIJVEN\u00a0<\/em>\u00a0:\u00a0<\/a><\/h3>\n<p style=\"text-align: justify;\">Pas de longue file d&rsquo;attente !\u00a0Votre carte d&rsquo;inscription remplie vous sera envoy\u00e9e par mail pour scan rapide sur place avant le d\u00e9part (carte imprim\u00e9e ou sur smartphone) et r\u00e9ception de votre autocollant avec indication des c\u00f4tes et des ravitaillements sur le parcours et votre bracelet de participation (ravitaillements uniquement sur pr\u00e9sentation du bracelet).\u00a0<em>Vermijd lange wachtrijen !\u00a0Bij je online inschrijving wordt uw ingevulde inschrijvingskaart per e-mail toegestuurd, dit voor een quick scan ter plaatse v\u00f3\u00f3r de start (kaart geprint of op smartphone)\u00a0en ontvang uw parcourssticker met\u00a0de belangrijkste hellingen en de bevoorradingen\u00a0en uw armband (bevoorrading enkel op vertoon van uw\u00a0armband).<\/em><\/p>\n<p><strong>Paiement en ligne avec toutes cartes bancaires.\u00a0<em>Online betaling met alle bank\/creditkarten :\u00a0<\/em><em>Bancontact, Visa,\u00a0 Mastercard, AMEX, Union Pay, &#8230;<\/em><\/strong><\/p>\n<p style=\"text-align: justify;\"><a title=\"Inscription en ligne - Online inschrijving\" href=\"https:\/\/velo-liberte-palmares.be\/inscription\/1003776\/\" target=\"_blank\" rel=\"noopener\"><strong>Cliquez sur ce lien et s\u00e9lectionnez le formulaire qui correspond \u00e0 votre situation &#8211;\u00a0<\/strong><em><strong>Klik op deze link en selecteer het formulier dat overeenkomt met uw situatie<\/strong>\u00a0:<\/em><\/a><\/p>\n<p style=\"text-align: justify;\"><em><span style=\"text-decoration: underline;\"><\/span><\/em><\/p>\n<p style=\"text-align: justify;\"><em><span style=\"text-decoration: underline;\"><\/span><\/em><\/p>\n<\/div>\n<\/div>\n<p>[\/et_pb_text][et_pb_button button_url=\u00a0\u00bbhttps:\/\/velo-liberte-palmares.be\/inscription\/1003776\/\u00a0\u00bb button_text=\u00a0\u00bbInscription en ligne \/ Online inschrijving ( Cliquez \/ Klik )\u00a0\u00bb button_alignment=\u00a0\u00bbcenter\u00a0\u00bb _builder_version=\u00a0\u00bb4.24.2&Prime; _module_preset=\u00a0\u00bb74f1f872-27bf-493c-82fe-b7a85072cb67&Prime; button_text_size=\u00a0\u00bb16px\u00a0\u00bb button_text_color=\u00a0\u00bb#FFFFFF\u00a0\u00bb button_border_color=\u00a0\u00bbRGBA(255,255,255,0)\u00a0\u00bb button_font=\u00a0\u00bbAbel|700|||||||\u00a0\u00bb animation_style=\u00a0\u00bbzoom\u00a0\u00bb animation_duration=\u00a0\u00bb1650ms\u00a0\u00bb locked=\u00a0\u00bboff\u00a0\u00bb global_colors_info=\u00a0\u00bb{}\u00a0\u00bb][\/et_pb_button][et_pb_text _builder_version=\u00a0\u00bb4.24.2&Prime; _module_preset=\u00a0\u00bb6836b1b7-a879-4467-b47e-c610ae759712&Prime; custom_margin=\u00a0\u00bb||-7px|||\u00a0\u00bb global_colors_info=\u00a0\u00bb{}\u00a0\u00bb]<\/p>\n<div id=\"content\">\n<div class=\"post\">\n<p style=\"text-align: center;\"><a title=\"Inscription en ligne \/ Online inschrijving\" href=\"https:\/\/velo-liberte-palmares.be\/inscription\/1003776\/\" target=\"_blank\" rel=\"noopener\"><img loading=\"lazy\" decoding=\"async\" src=\"https:\/\/velo.cwb.ovh\/wp-content\/uploads\/2025\/02\/Page-dinscription-La-Magnifique-dg.png\" alt=\"\" width=\"634\" height=\"600\" \/><\/a><span style=\"font-size: 0.83em; text-align: center;\">\u00a0<\/span><\/p>\n<p style=\"text-align: justify;\">Fin des inscriptions en ligne\u00a0: le jour de l&rsquo;\u00e9v\u00e8nement \u00e0 09h00.\u00a0<em>Einde van de online inschrijvingen\u00a0:\u00a0de dag van het evenement op 09u00.<\/em><\/p>\n<p style=\"text-align: justify;\">Les inscriptions group\u00e9es (clubs, entreprises, &#8230;) sont possibles. Veuillez nous envoyer un message via mail ou notre <a title=\"Formulaire de contact\" href=\"http:\/\/www.veloclubrochefort.be\/index.php?page=contact\" target=\"_blank\" rel=\"noopener\">formulaire de contact. Nous organiserons votre accueil. <\/a>Merci !\u00a0<em>Groepsinschrijvingen (clubs, bedrijven, &#8230;) zijn mogelijk. Stuur ons een bericht via mail of ons <a title=\"Contactformulier\" href=\"http:\/\/www.veloclubrochefort.be\/index.php?page=contact\" target=\"_blank\" rel=\"noopener\">contactformulier<\/a>. <span>Wij organiseren uw welkom. <\/span>Bedankt !\u00a0<\/em><\/p>\n<div style=\"text-align: justify;\"><em>\u00a0<\/em><\/div>\n<h5 style=\"text-align: center;\"><a title=\"Inscription en ligne \/ Online inschrijving\" href=\"https:\/\/velo-liberte-palmares.be\/inscription\/1003776\/\" target=\"_blank\" rel=\"noopener\">INSCRIPTION SUR PLACE &#8211;\u00a0<em>TER PLAATSE INSCHRIJVEN :<\/em><\/a><\/h5>\n<p style=\"text-align: justify;\">Les stands sur place ouvrent le samedi \u00e0 07h00 (voir horaires des d\u00e9parts).\u00a0<em>De stands ter plaatse zijn open op zaterdag om 07u00 (zie starttijden).\u00a0<\/em><\/p>\n<div><strong><em>\u00a0<\/em><\/strong><\/div>\n<h3 style=\"text-align: center;\">POUR SUIVRE LES PR\u00c9VISIONS M\u00c9T\u00c9OROLOGIQUES &#8211;\u00a0<em>OM HET WEERBERICHT TE VOLGEN :\u00a0<\/em><\/h3>\n<div style=\"text-align: center;\"><em><\/em><\/div>\n<table width=\"94%\" border=\"1\" cellspacing=\"10\" cellpadding=\"0\">\n<tbody>\n<tr>\n<td valign=\"top\" width=\"36%\">\n<p align=\"center\"><a title=\"IRM - Rochefort\" href=\"https:\/\/www.meteo.be\/fr\/rochefort\" target=\"_blank\" rel=\"noopener\">IRM &#8211; Institut royal de M\u00e9t\u00e9orologie<\/a><\/p>\n<p align=\"center\"><a title=\"KMI - Rochefort\" href=\"https:\/\/www.meteo.be\/nl\/rochefort\" target=\"_blank\" rel=\"noopener\"><em>KMI &#8211; Koninklijk Meteorologisch Instituut<\/em><\/a><\/p>\n<\/td>\n<td valign=\"top\" width=\"59%\">\n<p align=\"center\"><a title=\"IRM Rochefort\" href=\"https:\/\/www.meteo.be\/fr\/rochefort\" target=\"_blank\" rel=\"noopener\"><img loading=\"lazy\" decoding=\"async\" src=\"http:\/\/velo.cwb.ovh\/wp-content\/uploads\/2024\/03\/IRM20Rochefort20res.jpg\" alt=\"\" width=\"448\" height=\"74\" \/><\/a><\/p>\n<\/td>\n<\/tr>\n<tr>\n<td valign=\"top\" width=\"36%\">\n<p align=\"center\"><a title=\"M\u00e9t\u00e9ociel.fr - Rochefort\" href=\"https:\/\/www.meteociel.fr\/previsions\/38535\/rochefort.htm\" target=\"_blank\" rel=\"noopener\">M\u00e9t\u00e9ociel.fr<\/a><\/p>\n<\/td>\n<td valign=\"top\" width=\"59%\">\n<p align=\"center\"><a title=\"M\u00e9t\u00e9ociel.fr - Rochefort\" href=\"https:\/\/www.meteociel.fr\/previsions\/38535\/rochefort.htm\" target=\"_blank\" rel=\"noopener\"><img loading=\"lazy\" decoding=\"async\" src=\"http:\/\/velo.cwb.ovh\/wp-content\/uploads\/2024\/03\/Meteociel.fr20res.jpg\" alt=\"\" width=\"448\" height=\"26\" \/><\/a><\/p>\n<\/td>\n<\/tr>\n<\/tbody>\n<\/table>\n<p style=\"text-align: justify;\"><strong>Au plaisir de vous accueillir !\u00a0<em>Wij kijken er naar uit om u te verwelkomen !<\/em><\/strong><\/p>\n<p style=\"text-align: justify;\" align=\"center\"><img loading=\"lazy\" decoding=\"async\" src=\"http:\/\/velo.cwb.ovh\/wp-content\/uploads\/2024\/03\/20220511_13274520res.jpg\" alt=\"\" width=\"448\" height=\"252\" \/><img loading=\"lazy\" decoding=\"async\" src=\"http:\/\/velo.cwb.ovh\/wp-content\/uploads\/2024\/03\/20180427_141322.jpg\" alt=\"\" width=\"448\" height=\"252\" \/><\/p>\n<p>___________________________________________________________________________________________<\/p>\n<p style=\"text-align: justify;\" align=\"center\"><a href=\"https:\/\/veloclubrochefort.be\/index.php\/la-magnifique\/\"><strong>Cliquez et retrouvez ici toutes les informations concernant La Magnifique 2026 ! <em>Click en vind hier alle informatie over La Magnifique 2026 !<\/em><\/strong><\/a><\/p>\n<p style=\"text-align: left;\" align=\"center\"><a href=\"https:\/\/veloclubrochefort.be\/index.php\/la-magnifique\/\"><img loading=\"lazy\" decoding=\"async\" src=\"https:\/\/veloclubrochefort.be\/wp-content\/uploads\/2026\/01\/La-Magnifique-Annonce-2026-res.jpg\" alt=\"\" width=\"448\" height=\"309\" \/>\u00a0<\/a><em>\u00a0<a title=\"Event La Magnifique 2026\" href=\"https:\/\/www.facebook.com\/events\/25828636970110558\/?active_tab=discussion\" target=\"_blank\" rel=\"noopener\"><img loading=\"lazy\" decoding=\"async\" src=\"http:\/\/velo.cwb.ovh\/wp-content\/uploads\/2024\/03\/SigleFB.jpg\" alt=\"\" width=\"50\" height=\"50\" \/><\/a>\u00a0<span style=\"text-decoration: underline;\"><a title=\"Event La Magnifique 2026\" href=\"https:\/\/www.facebook.com\/events\/25828636970110558\/?active_tab=discussion\" target=\"_blank\" rel=\"noopener\"><strong>La Magnifique 2026<\/strong><\/a><\/span><\/em><\/p>\n<div>___________________________________________________________________________________________<\/div>\n<p style=\"text-align: justify;\">La Magnifique 2026 est organis\u00e9e par le V\u00e9lo Club Rochefort asbl avec l&rsquo;aide et le soutien de :<\/p>\n<p style=\"text-align: justify;\"><em>La Magnifique 2026 wordt door de V\u00e9lo Club Rochefort vzw georganiseerd <\/em><em>met de steun van :<\/em><\/p>\n<p style=\"text-align: center;\"><img loading=\"lazy\" decoding=\"async\" src=\"https:\/\/veloclubrochefort.be\/wp-content\/uploads\/2025\/05\/Sponsors-res.jpg\" width=\"448\" height=\"317\" alt=\"\" class=\"wp-image-12192 alignnone size-full\" srcset=\"https:\/\/veloclubrochefort.be\/wp-content\/uploads\/2025\/05\/Sponsors-res.jpg 448w, https:\/\/veloclubrochefort.be\/wp-content\/uploads\/2025\/05\/Sponsors-res-300x212.jpg 300w, https:\/\/veloclubrochefort.be\/wp-content\/uploads\/2025\/05\/Sponsors-res-400x284.jpg 400w\" sizes=\"auto, (max-width: 448px) 100vw, 448px\" \/><\/p>\n<\/div>\n<\/div>\n<p>[\/et_pb_text][\/et_pb_column][\/et_pb_row][\/et_pb_section]<\/p>\n","protected":false},"excerpt":{"rendered":"<p>25 avril 2026 : La Magnifique &#8211; \u00e9dition 23 25 april 2026 : La Magnifique &#8211; editie 23\u00a0 \u00a0 \u00a0 \u00a0 \u00a0\u00a0 \u00a0 \u00a0 \u00a0 \u00a0\u00a0\u00a0 \u00a0 \u00a0 \u00a0 \u00a0\u00a0\u00a0 \u00a0 185 km &#8211; 3300 m \u00a0\u00a0 155 km &#8211; 2700 m \u00a0\u00a0 125 km &#8211; 2100 m \u00a0\u00a0 95 km &#8211; 1600 m \u00a0\u00a0 [&hellip;]<\/p>\n","protected":false},"author":1,"featured_media":0,"parent":0,"menu_order":0,"comment_status":"closed","ping_status":"closed","template":"","meta":{"_et_pb_use_builder":"on","_et_pb_old_content":"<!-- wp:divi\/placeholder \/-->","_et_gb_content_width":"","_monsterinsights_skip_tracking":false,"_monsterinsights_sitenote_active":false,"_monsterinsights_sitenote_note":"","_monsterinsights_sitenote_category":0,"footnotes":""},"class_list":["post-133","page","type-page","status-publish","hentry"],"_links":{"self":[{"href":"https:\/\/veloclubrochefort.be\/index.php\/wp-json\/wp\/v2\/pages\/133","targetHints":{"allow":["GET"]}}],"collection":[{"href":"https:\/\/veloclubrochefort.be\/index.php\/wp-json\/wp\/v2\/pages"}],"about":[{"href":"https:\/\/veloclubrochefort.be\/index.php\/wp-json\/wp\/v2\/types\/page"}],"author":[{"embeddable":true,"href":"https:\/\/veloclubrochefort.be\/index.php\/wp-json\/wp\/v2\/users\/1"}],"replies":[{"embeddable":true,"href":"https:\/\/veloclubrochefort.be\/index.php\/wp-json\/wp\/v2\/comments?post=133"}],"version-history":[{"count":37,"href":"https:\/\/veloclubrochefort.be\/index.php\/wp-json\/wp\/v2\/pages\/133\/revisions"}],"predecessor-version":[{"id":12388,"href":"https:\/\/veloclubrochefort.be\/index.php\/wp-json\/wp\/v2\/pages\/133\/revisions\/12388"}],"wp:attachment":[{"href":"https:\/\/veloclubrochefort.be\/index.php\/wp-json\/wp\/v2\/media?parent=133"}],"curies":[{"name":"wp","href":"https:\/\/api.w.org\/{rel}","templated":true}]}}